{"id":836,"date":"2024-03-01T15:32:30","date_gmt":"2024-03-01T14:32:30","guid":{"rendered":"https:\/\/www.test.tremplin-handicap.fr\/?page_id=836"},"modified":"2026-07-29T14:38:57","modified_gmt":"2026-07-29T12:38:57","slug":"mentions-legales","status":"publish","type":"page","link":"https:\/\/www.test.tremplin-handicap.fr\/index.php\/mentions-legales\/","title":{"rendered":"Mentions l\u00e9gales"},"content":{"rendered":"\n<div class=\"wp-block-stackable-text stk-block-text stk-block stk-00967e7\" data-block-id=\"00967e7\"><style>.stk-00967e7 {margin-bottom:0px !important;}<\/style><p class=\"stk-block-text__text\">Vous \u00eates actuellement connect\u00e9 au site web www.tremplin-handicap.fr. :<\/p><\/div>\n\n\n\n<div class=\"wp-block-stackable-text stk-block-text stk-block stk-9d42e38\" data-block-id=\"9d42e38\"><style>.stk-9d42e38 {margin-bottom:0px !important;}<\/style><p class=\"stk-block-text__text has-text-align-center\">TREMPLIN HANDICAP <\/p><\/div>\n\n\n\n<div class=\"wp-block-stackable-text stk-block-text stk-block stk-b3e2732\" data-block-id=\"b3e2732\"><style>.stk-b3e2732 {margin-bottom:0px !important;}<\/style><p class=\"stk-block-text__text has-text-align-center\">2, rue du Docteur Lombard <\/p><\/div>\n\n\n\n<div class=\"wp-block-stackable-text stk-block-text stk-block stk-5bbc7ae\" data-block-id=\"5bbc7ae\"><style>.stk-5bbc7ae {margin-bottom:0px !important;}<\/style><p class=\"stk-block-text__text has-text-align-center\">92130 Issy-les-Moulineaux  <\/p><\/div>\n\n\n\n<div class=\"wp-block-stackable-text stk-block-text stk-block stk-108aef5\" data-block-id=\"108aef5\"><style>.stk-108aef5 {margin-bottom:0px !important;}<\/style><p class=\"stk-block-text__text has-text-align-center\">T\u00e9l\u00e9phone : 01 41 09 79 10<\/p><\/div>\n\n\n\n<h2 class=\"wp-block-heading has-medium-font-size\" style=\"margin-top:var(--wp--preset--spacing--60)\" data-block-type=\"core\">Responsable de la publication<\/h2>\n\n\n\n<p class=\"wp-block-paragraph\" data-block-type=\"core\">Amar Nafa<\/p>\n\n\n\n<p class=\"wp-block-paragraph\" data-block-type=\"core\">Directeur de TREMPLIN HANDICAP<\/p>\n\n\n\n<h2 class=\"wp-block-heading has-medium-font-size\" style=\"margin-top:var(--wp--preset--spacing--60)\" data-block-type=\"core\">Contacts<\/h2>\n\n\n\n<p class=\"wp-block-paragraph\" data-block-type=\"core\">Vous souhaitez poser une question ou \u00e9mettre une suggestion sur le contenu du site ? Sur la navigation ? Sur un aspect technique ?<\/p>\n\n\n\n<p class=\"wp-block-paragraph\" data-block-type=\"core\">Contactez-nous par courrier postal \u00e0 l\u2019adresse suivante :<\/p>\n\n\n\n<p class=\"wp-block-paragraph\" data-block-type=\"core\">TREMPLIN HANDICAP<br>2, rue du Docteur Lombard<br>92130 Issy-les-Moulineaux<\/p>\n\n\n\n<h2 class=\"wp-block-heading has-medium-font-size\" style=\"margin-top:var(--wp--preset--spacing--60)\" data-block-type=\"core\">Acc\u00e8s au site<\/h2>\n\n\n\n<p class=\"wp-block-paragraph\" data-block-type=\"core\">Nous ne saurions vous garantir que le fonctionnement du site sera ininterrompu et exempt de toute erreur. Nous ne sommes tenus que d\u2019une obligation de moyen en ce qui concerne le fonctionnement et la continuit\u00e9 du service. Nous ne saurions \u00eatre responsables de tous pr\u00e9judices r\u00e9sultant de l\u2019utilisation de notre site, et ce quelle qu\u2019en soit la cause ; notamment nous ne saurions \u00eatre responsable de l\u2019alt\u00e9ration ou de l\u2019acc\u00e8s frauduleux \u00e0 des donn\u00e9es et\/ou de la transmission accidentelle par le biais du service de virus. De m\u00eame notre responsabilit\u00e9 ne saurait \u00eatre engag\u00e9e pour des faits dus \u00e0 un cas de force majeure, les pannes et les probl\u00e8mes d\u2019ordre technique concernant le mat\u00e9riel, les programmes et logiciels ou le r\u00e9seau Internet pouvant le cas \u00e9ch\u00e9ant entra\u00eener la suspension ou la cessation du service.<\/p>\n\n\n\n<h2 class=\"wp-block-heading has-medium-font-size\" style=\"margin-top:var(--wp--preset--spacing--60)\" data-block-type=\"core\">Liens externes &#8211; liens hypertexte vers d&rsquo;autres sites internet<\/h2>\n\n\n\n<p class=\"wp-block-paragraph\" data-block-type=\"core\">Notre site peut contenir des liens hypertextes allant vers d\u2019autres sites. Nous ne prenons aucun engagement concernant tout autre site auquel vous pourriez avoir acc\u00e8s via notre site et nous ne serions en aucune fa\u00e7on \u00eatre responsable du contenu, fonctionnement et de l\u2019acc\u00e8s \u00e0 ces sites.<\/p>\n\n\n\n<h2 class=\"wp-block-heading has-medium-font-size\" style=\"margin-top:var(--wp--preset--spacing--60)\" data-block-type=\"core\">Propri\u00e9t\u00e9 intellectuelle et droit applicable<\/h2>\n\n\n\n<p class=\"wp-block-paragraph\" data-block-type=\"core\">Tous les \u00e9l\u00e9ments (textes, logos, images, \u00e9l\u00e9ments sonores, logiciels, ic\u00f4nes, mise en page, charte graphique, base de donn\u00e9es\u2026) contenus dans le site et dans les sites associ\u00e9s sont prot\u00e9g\u00e9s par le droit national\/international de la propri\u00e9t\u00e9 intellectuelle. Ces \u00e9l\u00e9ments sont la propri\u00e9t\u00e9 exclusive de TREMPLIN HANDICAP et\/ou de ses partenaires.<\/p>\n\n\n\n<p class=\"wp-block-paragraph\" data-block-type=\"core\">A ce titre, sauf autorisation pr\u00e9alable et \u00e9crite du titulaire des droits, toute reproduction, repr\u00e9sentation, adaptation, traduction et\/ou transformation partielle ou int\u00e9grale de tout \u00e9l\u00e9ment composant le site ou tout transfert sur un autre site web de tout \u00e9l\u00e9ment composant le site est strictement interdit.<\/p>\n\n\n\n<p class=\"wp-block-paragraph\" data-block-type=\"core\">Le non-respect de cette interdiction peut constituer un acte de contrefa\u00e7on et\/ou de concurrence d\u00e9loyale engageant votre responsabilit\u00e9 civile et\/ou p\u00e9nale.<\/p>\n\n\n\n<h2 class=\"wp-block-heading has-medium-font-size\" style=\"margin-top:var(--wp--preset--spacing--60)\" data-block-type=\"core\">Les donn\u00e9es nominatives<\/h2>\n\n\n\n<p class=\"wp-block-paragraph\" data-block-type=\"core\">Les donn\u00e9es nominatives qui sont demand\u00e9es sur le site sont destin\u00e9es exclusivement \u00e0 nos services et en aucun cas ne seront transmises \u00e0 des tiers.<\/p>\n\n\n\n<p class=\"wp-block-paragraph\" data-block-type=\"core\">Nous garantissons aux utilisateurs que tout traitement de donn\u00e9es nominatives sur notre site est soumis \u00e0 la loi n\u00b0 78-17 du 6 janvier 1978 relative \u00e0 l\u2019informatique, aux fichiers et aux libert\u00e9s (loi &nbsp;\u00ab Informatique et Libert\u00e9s&nbsp;\u00bb) et disposent d\u2019un droit d\u2019acc\u00e8s de modification, de rectification et de suppression des donn\u00e9es qui les concernent (art 34 de la loi \u00ab&nbsp;informatique et libert\u00e9s&nbsp;\u00bb du 6 janvier 1978). Pour exercer ce droit, ils doivent s\u2019adresser \u00e0 :<\/p>\n\n\n\n<p class=\"has-text-align-center wp-block-paragraph\" data-block-type=\"core\">TREMPLIN<br>2, rue du Docteur Lombard<br>92130 Issy-les-Moulineaux<\/p>\n\n\n\n<p class=\"wp-block-paragraph\" data-block-type=\"core\">En application de l\u2019article 16 de cette loi, la collecte des donn\u00e9es nominatives exclut toute donn\u00e9e relative aux m\u0153urs, \u00e0 la croyance ou l\u2019appartenance religieuse et syndicale, aux opinions politiques.<\/p>\n\n\n\n<p class=\"wp-block-paragraph\" data-block-type=\"core\">Nous nous engageons \u00e0 prendre toutes pr\u00e9cautions pour prot\u00e9ger ces donn\u00e9es nominatives afin d\u2019en pr\u00e9server la s\u00e9curit\u00e9 et notamment d\u2019emp\u00eacher qu\u2019elles ne soient d\u00e9form\u00e9es, endommag\u00e9es ou communiqu\u00e9es \u00e0 des tiers non autoris\u00e9s. Pour ce faire, ces donn\u00e9es nominatives sont enregistr\u00e9es dans des zones inaccessibles au public.<\/p>\n\n\n\n<h2 class=\"wp-block-heading has-medium-font-size\" style=\"margin-top:var(--wp--preset--spacing--60)\" data-block-type=\"core\">Informations relatives aux cookies<\/h2>\n\n\n\n<p class=\"wp-block-paragraph\" data-block-type=\"core\">Lors de votre visite sur notre site, nous sommes susceptibles d\u2019enregistrer un \u00ab cookie \u00bb dans votre ordinateur. Le cookie ne nous permet pas de vous identifier personnellement. Il nous permet d\u2019enregistrer des informations relatives \u00e0 la navigation de votre ordinateur sur notre site (les pages que vous avez consult\u00e9es) que nous pourrons lire lors de vos visites ult\u00e9rieures. Vous pouvez naturellement vous opposer \u00e0 l\u2019enregistrement de cookies via la fen\u00eatre pop up qui s&rsquo;affiche lors de votre premi\u00e8re visite sur le site, ou \u00e0 tout autre moment via le lien en bas de chaque page \u00ab\u00a0retirer mon consentement\u00a0\u00bb.<\/p>\n","protected":false},"excerpt":{"rendered":"<p>Vous \u00eates actuellement connect\u00e9 au site web www.tremplin-handicap.fr. : TREMPLIN HANDICAP 2, rue du Docteur Lombard 92130 Issy-les-Moulineaux T\u00e9l\u00e9phone : 01 41 09 79 10 Responsable de la publication Amar [&hellip;]<\/p>\n","protected":false},"author":2,"featured_media":0,"parent":0,"menu_order":0,"comment_status":"closed","ping_status":"closed","template":"","meta":{"_uag_custom_page_level_css":"","_EventAllDay":false,"_EventTimezone":"","_EventStartDate":"","_EventEndDate":"","_EventStartDateUTC":"","_EventEndDateUTC":"","_EventShowMap":false,"_EventShowMapLink":false,"_EventURL":"","_EventCost":"","_EventCostDescription":"","_EventCurrencySymbol":"","_EventCurrencyCode":"","_EventCurrencyPosition":"","_EventDateTimeSeparator":"","_EventTimeRangeSeparator":"","_EventOrganizerID":[],"_EventVenueID":[],"_OrganizerEmail":"","_OrganizerPhone":"","_OrganizerWebsite":"","_VenueAddress":"","_VenueCity":"","_VenueCountry":"","_VenueProvince":"","_VenueState":"","_VenueZip":"","_VenuePhone":"","_VenueURL":"","_VenueStateProvince":"","_VenueLat":"","_VenueLng":"","_VenueShowMap":false,"_VenueShowMapLink":false,"footnotes":""},"class_list":["post-836","page","type-page","status-publish","hentry"],"blocksy_meta":[],"uagb_featured_image_src":{"full":false,"thumbnail":false,"medium":false,"medium_large":false,"large":false,"1536x1536":false,"2048x2048":false},"uagb_author_info":{"display_name":"Christian Handicap","author_link":"https:\/\/www.test.tremplin-handicap.fr\/index.php\/author\/administrateur\/"},"uagb_comment_info":0,"uagb_excerpt":"Vous \u00eates actuellement connect\u00e9 au site web www.tremplin-handicap.fr. : TREMPLIN HANDICAP 2, rue du Docteur Lombard 92130 Issy-les-Moulineaux T\u00e9l\u00e9phone : 01 41 09 79 10 Responsable de la publication Amar [&hellip;]","_links":{"self":[{"href":"https:\/\/www.test.tremplin-handicap.fr\/index.php\/wp-json\/wp\/v2\/pages\/836","targetHints":{"allow":["GET"]}}],"collection":[{"href":"https:\/\/www.test.tremplin-handicap.fr\/index.php\/wp-json\/wp\/v2\/pages"}],"about":[{"href":"https:\/\/www.test.tremplin-handicap.fr\/index.php\/wp-json\/wp\/v2\/types\/page"}],"author":[{"embeddable":true,"href":"https:\/\/www.test.tremplin-handicap.fr\/index.php\/wp-json\/wp\/v2\/users\/2"}],"replies":[{"embeddable":true,"href":"https:\/\/www.test.tremplin-handicap.fr\/index.php\/wp-json\/wp\/v2\/comments?post=836"}],"version-history":[{"count":3,"href":"https:\/\/www.test.tremplin-handicap.fr\/index.php\/wp-json\/wp\/v2\/pages\/836\/revisions"}],"predecessor-version":[{"id":2724,"href":"https:\/\/www.test.tremplin-handicap.fr\/index.php\/wp-json\/wp\/v2\/pages\/836\/revisions\/2724"}],"wp:attachment":[{"href":"https:\/\/www.test.tremplin-handicap.fr\/index.php\/wp-json\/wp\/v2\/media?parent=836"}],"curies":[{"name":"wp","href":"https:\/\/api.w.org\/{rel}","templated":true}]}}

Mentions légales

<div class="wp-block-stackable-text stk-block-text stk-block stk-00967e7" data-block-id="00967e7"><style>.stk-00967e7 {margin-bottom:0px !important;}</style><p class="stk-block-text__text">Vous êtes actuellement connecté au site web www.tremplin-handicap.fr. :</p></div>



<div class="wp-block-stackable-text stk-block-text stk-block stk-9d42e38" data-block-id="9d42e38"><style>.stk-9d42e38 {margin-bottom:0px !important;}</style><p class="stk-block-text__text has-text-align-center">TREMPLIN HANDICAP </p></div>



<div class="wp-block-stackable-text stk-block-text stk-block stk-b3e2732" data-block-id="b3e2732"><style>.stk-b3e2732 {margin-bottom:0px !important;}</style><p class="stk-block-text__text has-text-align-center">2, rue du Docteur Lombard </p></div>



<div class="wp-block-stackable-text stk-block-text stk-block stk-5bbc7ae" data-block-id="5bbc7ae"><style>.stk-5bbc7ae {margin-bottom:0px !important;}</style><p class="stk-block-text__text has-text-align-center">92130 Issy-les-Moulineaux  </p></div>



<div class="wp-block-stackable-text stk-block-text stk-block stk-108aef5" data-block-id="108aef5"><style>.stk-108aef5 {margin-bottom:0px !important;}</style><p class="stk-block-text__text has-text-align-center">Téléphone : 01 41 09 79 10</p></div>



<h2 class="wp-block-heading has-medium-font-size" style="margin-top:var(--wp--preset--spacing--60)" data-block-type="core">Responsable de la publication</h2>



<p class="wp-block-paragraph" data-block-type="core">Amar Nafa</p>



<p class="wp-block-paragraph" data-block-type="core">Directeur de TREMPLIN HANDICAP</p>



<h2 class="wp-block-heading has-medium-font-size" style="margin-top:var(--wp--preset--spacing--60)" data-block-type="core">Contacts</h2>



<p class="wp-block-paragraph" data-block-type="core">Vous souhaitez poser une question ou émettre une suggestion sur le contenu du site ? Sur la navigation ? Sur un aspect technique ?</p>



<p class="wp-block-paragraph" data-block-type="core">Contactez-nous par courrier postal à l’adresse suivante :</p>



<p class="wp-block-paragraph" data-block-type="core">TREMPLIN HANDICAP<br>2, rue du Docteur Lombard<br>92130 Issy-les-Moulineaux</p>



<h2 class="wp-block-heading has-medium-font-size" style="margin-top:var(--wp--preset--spacing--60)" data-block-type="core">Accès au site</h2>



<p class="wp-block-paragraph" data-block-type="core">Nous ne saurions vous garantir que le fonctionnement du site sera ininterrompu et exempt de toute erreur. Nous ne sommes tenus que d’une obligation de moyen en ce qui concerne le fonctionnement et la continuité du service. Nous ne saurions être responsables de tous préjudices résultant de l’utilisation de notre site, et ce quelle qu’en soit la cause ; notamment nous ne saurions être responsable de l’altération ou de l’accès frauduleux à des données et/ou de la transmission accidentelle par le biais du service de virus. De même notre responsabilité ne saurait être engagée pour des faits dus à un cas de force majeure, les pannes et les problèmes d’ordre technique concernant le matériel, les programmes et logiciels ou le réseau Internet pouvant le cas échéant entraîner la suspension ou la cessation du service.</p>



<h2 class="wp-block-heading has-medium-font-size" style="margin-top:var(--wp--preset--spacing--60)" data-block-type="core">Liens externes &#8211; liens hypertexte vers d&rsquo;autres sites internet</h2>



<p class="wp-block-paragraph" data-block-type="core">Notre site peut contenir des liens hypertextes allant vers d’autres sites. Nous ne prenons aucun engagement concernant tout autre site auquel vous pourriez avoir accès via notre site et nous ne serions en aucune façon être responsable du contenu, fonctionnement et de l’accès à ces sites.</p>



<h2 class="wp-block-heading has-medium-font-size" style="margin-top:var(--wp--preset--spacing--60)" data-block-type="core">Propriété intellectuelle et droit applicable</h2>



<p class="wp-block-paragraph" data-block-type="core">Tous les éléments (textes, logos, images, éléments sonores, logiciels, icônes, mise en page, charte graphique, base de données…) contenus dans le site et dans les sites associés sont protégés par le droit national/international de la propriété intellectuelle. Ces éléments sont la propriété exclusive de TREMPLIN HANDICAP et/ou de ses partenaires.</p>



<p class="wp-block-paragraph" data-block-type="core">A ce titre, sauf autorisation préalable et écrite du titulaire des droits, toute reproduction, représentation, adaptation, traduction et/ou transformation partielle ou intégrale de tout élément composant le site ou tout transfert sur un autre site web de tout élément composant le site est strictement interdit.</p>



<p class="wp-block-paragraph" data-block-type="core">Le non-respect de cette interdiction peut constituer un acte de contrefaçon et/ou de concurrence déloyale engageant votre responsabilité civile et/ou pénale.</p>



<h2 class="wp-block-heading has-medium-font-size" style="margin-top:var(--wp--preset--spacing--60)" data-block-type="core">Les données nominatives</h2>



<p class="wp-block-paragraph" data-block-type="core">Les données nominatives qui sont demandées sur le site sont destinées exclusivement à nos services et en aucun cas ne seront transmises à des tiers.</p>



<p class="wp-block-paragraph" data-block-type="core">Nous garantissons aux utilisateurs que tout traitement de données nominatives sur notre site est soumis à la loi n° 78-17 du 6 janvier 1978 relative à l’informatique, aux fichiers et aux libertés (loi &nbsp;« Informatique et Libertés&nbsp;») et disposent d’un droit d’accès de modification, de rectification et de suppression des données qui les concernent (art 34 de la loi «&nbsp;informatique et libertés&nbsp;» du 6 janvier 1978). Pour exercer ce droit, ils doivent s’adresser à :</p>



<p class="has-text-align-center wp-block-paragraph" data-block-type="core">TREMPLIN<br>2, rue du Docteur Lombard<br>92130 Issy-les-Moulineaux</p>



<p class="wp-block-paragraph" data-block-type="core">En application de l’article 16 de cette loi, la collecte des données nominatives exclut toute donnée relative aux mœurs, à la croyance ou l’appartenance religieuse et syndicale, aux opinions politiques.</p>



<p class="wp-block-paragraph" data-block-type="core">Nous nous engageons à prendre toutes précautions pour protéger ces données nominatives afin d’en préserver la sécurité et notamment d’empêcher qu’elles ne soient déformées, endommagées ou communiquées à des tiers non autorisés. Pour ce faire, ces données nominatives sont enregistrées dans des zones inaccessibles au public.</p>



<h2 class="wp-block-heading has-medium-font-size" style="margin-top:var(--wp--preset--spacing--60)" data-block-type="core">Informations relatives aux cookies</h2>



<p class="wp-block-paragraph" data-block-type="core">Lors de votre visite sur notre site, nous sommes susceptibles d’enregistrer un « cookie » dans votre ordinateur. Le cookie ne nous permet pas de vous identifier personnellement. Il nous permet d’enregistrer des informations relatives à la navigation de votre ordinateur sur notre site (les pages que vous avez consultées) que nous pourrons lire lors de vos visites ultérieures. Vous pouvez naturellement vous opposer à l’enregistrement de cookies via la fenêtre pop up qui s&rsquo;affiche lors de votre première visite sur le site, ou à tout autre moment via le lien en bas de chaque page « retirer mon consentement ».</p>

<p>Vous êtes actuellement connecté au site web www.tremplin-handicap.fr. : TREMPLIN HANDICAP 2, rue du Docteur Lombard 92130 Issy-les-Moulineaux Téléphone : 01 41 09 79 10 Responsable de la publication Amar [&hellip;]</p>

Vous êtes actuellement connecté au site web www.tremplin-handicap.fr. : TREMPLIN HANDICAP 2, rue du Docteur Lombard 92130 Issy-les-Moulineaux Téléphone : 01 41 09 79 10 Responsable de la publication Amar [&hellip;]
