{"id":803,"date":"2024-03-01T15:31:28","date_gmt":"2024-03-01T14:31:28","guid":{"rendered":"https:\/\/www.test.tremplin-handicap.fr\/?page_id=803"},"modified":"2024-12-19T12:04:32","modified_gmt":"2024-12-19T11:04:32","slug":"notre-histoire-2","status":"publish","type":"page","link":"https:\/\/www.test.tremplin-handicap.fr\/index.php\/notre-histoire-2\/","title":{"rendered":"Notre histoire"},"content":{"rendered":"\n<blockquote class=\"wp-block-quote has-text-align-center is-style-large is-layout-flow wp-block-quote-is-layout-flow\" data-block-type=\"core\">\n<p data-block-type=\"core\">\u00ab\u00a0TREMPLIN Handicap est une association d&rsquo;int\u00e9r\u00eat g\u00e9n\u00e9ral \u00e0 but non lucratif s&rsquo;appuyant sur un r\u00e9seau de plus de 100 employeurs publics et priv\u00e9s cr\u00e9\u00e9e en 1992 et membre du collectif mentorat depuis 2021. Nous accompagnons gratuitement les coll\u00e9giens, lyc\u00e9ens et \u00e9tudiants en situation de handicap tout au long de leurs \u00e9tudes initiales et les jeunes dipl\u00f4m\u00e9s en situation de handicap jusqu&rsquo;\u00e0 deux ans apr\u00e8s la sortie de leurs \u00e9tudes.\u00a0\u00bb<\/p>\n<cite>\u2014 Christian Grapin<\/cite><\/blockquote>\n\n\n\n<hr class=\"wp-block-separator has-alpha-channel-opacity\"\/ data-block-type=\"core\">\n\n\n\n<div class=\"wp-block-group alignwide has-palette-color-5-background-color has-background is-layout-flow wp-block-group-is-layout-flow\" data-block-type=\"core\">\n<div class=\"wp-block-stackable-heading stk-block-heading stk-block-heading--v2 stk-block stk-5f81684\" id=\"span-style-color-var-theme-palette-color-2-6869-e-0-background-linear-gradient-to-bottom-transparent-50-var-theme-palette-color-6-fff-5-dc-50-class-stk-highlight-tremplin-handicap-span\" data-block-id=\"5f81684\"><style>.stk-5f81684 {margin-bottom:0px !important;}<\/style><h1 class=\"stk-block-heading__text has-text-align-center\"><span style=\"color: var(--theme-palette-color-2, #6869E0);background: linear-gradient(to bottom, transparent 50%, var(--theme-palette-color-6, #FFF5DC) 50%)\" class=\"stk-highlight\">TREMPLIN Handicap<\/span><\/h1><\/div>\n\n\n\n<div class=\"wp-block-stackable-heading stk-block-heading stk-block-heading--v2 stk-block stk-9ebf24d\" id=\"span-style-color-var-theme-palette-color-1-2-b-3056-class-stk-highlight-un-engagement-permanent-aupres-des-jeunes-en-situation-de-handicap-span\" data-block-id=\"9ebf24d\"><h3 class=\"stk-block-heading__text has-text-align-center\"><span style=\"color: var(--theme-palette-color-1, #2B3056);\" class=\"stk-highlight\">Un engagement permanent aupr\u00e8s des jeunes en situation de Handicap<\/span><\/h3><\/div>\n\n\n\n<div class=\"wp-block-stackable-timeline stk-block-timeline stk-block-timeline--left stk-block stk-16d1bab stk-block-background\" data-block-id=\"16d1bab\"><style>.stk-16d1bab {--gap:20px !important;--line-dot-size:21px !important;--line-bg-width:3px !important;--content-line:100px !important;--line-accent-bg-color:var(--theme-palette-color-2, #6869E0) !important;--line-bg-color:var(--theme-palette-color-2, #6869E0) !important;background-color:var(--theme-palette-color-6, #FFF5DC) !important;box-shadow:0 5px 5px 0 #123f5209 !important;border-style:solid !important;border-color:var(--theme-palette-color-5, #F6BE00) !important;border-top-width:0px !important;border-right-width:0px !important;border-bottom-width:0px !important;border-left-width:0px !important;padding-top:18px !important;padding-right:18px !important;padding-bottom:18px !important;padding-left:18px !important;}.stk-16d1bab:before{background-color:var(--theme-palette-color-6, #FFF5DC) !important;}.stk-16d1bab .stk-block-timeline__date{text-shadow:6px 6px 4px #78787833 !important;font-size:20px !important;color:var(--theme-palette-color-1, #2B3056) !important;font-weight:700 !important;font-family:\"Roboto\", Sans-serif !important;}@media screen and (max-width:999px){.stk-16d1bab .stk-block-timeline__date{font-size:20px !important;}}@media screen and (max-width:689px){.stk-16d1bab .stk-inner-blocks:after{top:34px !important;}.stk-16d1bab .stk-block-timeline__middle{margin-top:18px !important;}}<\/style><div class=\"stk-row stk-inner-blocks stk-block-content stk-content-align stk-16d1bab-column\"><div class=\"has-text-color stk-block-timeline__date\">1992<\/div><div class=\"stk-block-timeline__middle\"><\/div><div class=\"stk-block-timeline__content\">\n<div class=\"wp-block-stackable-column stk-block-column stk-column stk-block stk-cd1d434\" data-v=\"4\" data-block-id=\"cd1d434\"><style>.stk-cd1d434-container{margin-top:0px !important;margin-right:0px !important;margin-bottom:0px !important;margin-left:0px !important;}<\/style><div class=\"stk-column-wrapper stk-block-column__content stk-container stk-cd1d434-container stk--no-background stk--no-padding\"><div class=\"stk-block-content stk-inner-blocks stk-cd1d434-inner-blocks\">\n<div class=\"wp-block-stackable-text stk-block-text stk-block stk-75bbbb8\" data-block-id=\"75bbbb8\"><style>.stk-75bbbb8 {column-count:1 !important;}.stk-75bbbb8 .stk-block-text__text{font-weight:300 !important;font-family:\"Roboto\", Sans-serif !important;}<\/style><p class=\"stk-block-text__text has-text-align-right\">4 grands groupes \u2013 <strong>Total, Rh\u00f4ne-Poulenc, IBM et ELF<\/strong> \u2013 confront\u00e9s \u00e0 la faible qualification des personnes en situation de handicap, d\u00e9cident d\u2019<strong>agir en amont de l\u2019emploi <\/strong>en cr\u00e9ant leur propre association d&rsquo;int\u00e9r\u00eat g\u00e9n\u00e9ral<\/p><\/div>\n<\/div><\/div><\/div>\n<\/div><\/div><\/div>\n\n\n\n<div class=\"wp-block-stackable-timeline stk-block-timeline stk-block-timeline--right stk-block stk-56e7796 stk-block-background\" data-block-id=\"56e7796\"><style>.stk-56e7796 {--gap:20px !important;--line-dot-size:21px !important;--line-bg-width:3px !important;--content-line:100px !important;--line-accent-bg-color:var(--theme-palette-color-2, #6869E0) !important;--line-bg-color:var(--theme-palette-color-2, #6869E0) !important;background-color:var(--theme-palette-color-6, #FFF5DC) !important;box-shadow:0 5px 5px 0 #123f5209 !important;border-style:solid !important;border-color:var(--theme-palette-color-5, #F6BE00) !important;border-top-width:0px !important;border-right-width:0px !important;border-bottom-width:0px !important;border-left-width:0px !important;padding-top:18px !important;padding-right:18px !important;padding-bottom:18px !important;padding-left:18px !important;}.stk-56e7796:before{background-color:var(--theme-palette-color-6, #FFF5DC) !important;}.stk-56e7796 .stk-block-timeline__date{text-shadow:6px 6px 4px #78787833 !important;font-size:20px !important;color:var(--theme-palette-color-1, #2B3056) !important;font-weight:700 !important;font-family:\"Roboto\", Sans-serif !important;}@media screen and (max-width:999px){.stk-56e7796 .stk-block-timeline__date{font-size:20px !important;}}@media screen and (max-width:689px){.stk-56e7796 .stk-inner-blocks:after{top:34px !important;}.stk-56e7796 .stk-block-timeline__middle{margin-top:18px !important;}}<\/style><div class=\"stk-row stk-inner-blocks stk-block-content stk-content-align stk-56e7796-column\"><div class=\"has-text-color stk-block-timeline__date\">2009<\/div><div class=\"stk-block-timeline__middle\"><\/div><div class=\"stk-block-timeline__content\">\n<div class=\"wp-block-stackable-column stk-block-column stk-column stk-block stk-fbec356\" data-v=\"4\" data-block-id=\"fbec356\"><style>.stk-fbec356-container{margin-top:0px !important;margin-right:0px !important;margin-bottom:0px !important;margin-left:0px !important;}<\/style><div class=\"stk-column-wrapper stk-block-column__content stk-container stk-fbec356-container stk--no-background stk--no-padding\"><div class=\"stk-block-content stk-inner-blocks stk-fbec356-inner-blocks\">\n<div class=\"wp-block-stackable-text stk-block-text stk-block stk-41dafd0\" data-block-id=\"41dafd0\"><style>.stk-41dafd0 {column-count:1 !important;}.stk-41dafd0 .stk-block-text__text{font-weight:300 !important;font-family:\"Roboto\", Sans-serif !important;}<\/style><p class=\"stk-block-text__text\">1er <strong>forum de recrutement<\/strong><\/p><\/div>\n<\/div><\/div><\/div>\n<\/div><\/div><\/div>\n\n\n\n<div class=\"wp-block-stackable-timeline stk-block-timeline stk-block-timeline--left stk-block stk-5a7082f stk-block-background\" data-block-id=\"5a7082f\"><style>.stk-5a7082f {--gap:20px !important;--line-dot-size:21px !important;--line-bg-width:3px !important;--content-line:100px !important;--line-accent-bg-color:var(--theme-palette-color-2, #6869E0) !important;--line-bg-color:var(--theme-palette-color-2, #6869E0) !important;background-color:var(--theme-palette-color-6, #FFF5DC) !important;box-shadow:0 5px 5px 0 #123f5209 !important;border-style:solid !important;border-color:var(--theme-palette-color-5, #F6BE00) !important;border-top-width:0px !important;border-right-width:0px !important;border-bottom-width:0px !important;border-left-width:0px !important;padding-top:18px !important;padding-right:18px !important;padding-bottom:18px !important;padding-left:18px !important;}.stk-5a7082f:before{background-color:var(--theme-palette-color-6, #FFF5DC) !important;}.stk-5a7082f .stk-block-timeline__date{text-shadow:6px 6px 4px #78787833 !important;font-size:20px !important;color:var(--theme-palette-color-1, #2B3056) !important;font-weight:700 !important;font-family:\"Roboto\", Sans-serif !important;}@media screen and (max-width:999px){.stk-5a7082f .stk-block-timeline__date{font-size:20px !important;}}@media screen and (max-width:689px){.stk-5a7082f .stk-inner-blocks:after{top:34px !important;}.stk-5a7082f .stk-block-timeline__middle{margin-top:18px !important;}}<\/style><div class=\"stk-row stk-inner-blocks stk-block-content stk-content-align stk-5a7082f-column\"><div class=\"has-text-color stk-block-timeline__date\">2012<\/div><div class=\"stk-block-timeline__middle\"><\/div><div class=\"stk-block-timeline__content\">\n<div class=\"wp-block-stackable-column stk-block-column stk-column stk-block stk-5630c4e\" data-v=\"4\" data-block-id=\"5630c4e\"><style>.stk-5630c4e-container{margin-top:0px !important;margin-right:0px !important;margin-bottom:0px !important;margin-left:0px !important;}<\/style><div class=\"stk-column-wrapper stk-block-column__content stk-container stk-5630c4e-container stk--no-background stk--no-padding\"><div class=\"stk-block-content stk-inner-blocks stk-5630c4e-inner-blocks\">\n<div class=\"wp-block-stackable-text stk-block-text stk-block stk-364f0c3\" data-block-id=\"364f0c3\"><style>.stk-364f0c3 {column-count:1 !important;}.stk-364f0c3 .stk-block-text__text{font-weight:300 !important;font-family:\"Roboto\", Sans-serif !important;}<\/style><p class=\"stk-block-text__text has-text-align-right\">1\u00e8re \u00e9dition du <strong>Tous&rsquo;HanSc\u00e8ne<\/strong>, notre concours vid\u00e9o \u00e9tudiant qui valorise la poursuite d&rsquo;\u00e9tudes post bac des jeunes en situation de handicap<\/p><\/div>\n<\/div><\/div><\/div>\n<\/div><\/div><\/div>\n\n\n\n<div class=\"wp-block-stackable-timeline stk-block-timeline stk-block-timeline--right stk-block stk-7bdce9c stk-block-background\" data-block-id=\"7bdce9c\"><style>.stk-7bdce9c {--gap:20px !important;--line-dot-size:21px !important;--line-bg-width:3px !important;--content-line:100px !important;--line-accent-bg-color:var(--theme-palette-color-2, #6869E0) !important;--line-bg-color:var(--theme-palette-color-2, #6869E0) !important;background-color:var(--theme-palette-color-6, #FFF5DC) !important;box-shadow:0 5px 5px 0 #123f5209 !important;border-style:solid !important;border-color:var(--theme-palette-color-5, #F6BE00) !important;border-top-width:0px !important;border-right-width:0px !important;border-bottom-width:0px !important;border-left-width:0px !important;padding-top:18px !important;padding-right:18px !important;padding-bottom:18px !important;padding-left:18px !important;}.stk-7bdce9c:before{background-color:var(--theme-palette-color-6, #FFF5DC) !important;}.stk-7bdce9c .stk-block-timeline__date{text-shadow:6px 6px 4px #78787833 !important;font-size:20px !important;color:var(--theme-palette-color-1, #2B3056) !important;font-weight:700 !important;font-family:\"Roboto\", Sans-serif !important;}@media screen and (max-width:999px){.stk-7bdce9c .stk-block-timeline__date{font-size:20px !important;}}@media screen and (max-width:689px){.stk-7bdce9c .stk-inner-blocks:after{top:34px !important;}.stk-7bdce9c .stk-block-timeline__middle{margin-top:18px !important;}}<\/style><div class=\"stk-row stk-inner-blocks stk-block-content stk-content-align stk-7bdce9c-column\"><div class=\"has-text-color stk-block-timeline__date\">2018<\/div><div class=\"stk-block-timeline__middle\"><\/div><div class=\"stk-block-timeline__content\">\n<div class=\"wp-block-stackable-column stk-block-column stk-column stk-block stk-f5180ec\" data-v=\"4\" data-block-id=\"f5180ec\"><style>.stk-f5180ec-container{margin-top:0px !important;margin-right:0px !important;margin-bottom:0px !important;margin-left:0px !important;}<\/style><div class=\"stk-column-wrapper stk-block-column__content stk-container stk-f5180ec-container stk--no-background stk--no-padding\"><div class=\"stk-block-content stk-inner-blocks stk-f5180ec-inner-blocks\">\n<div class=\"wp-block-stackable-text stk-block-text stk-block stk-01f2b92\" data-block-id=\"01f2b92\"><style>.stk-01f2b92 {column-count:1 !important;}.stk-01f2b92 .stk-block-text__text{font-weight:300 !important;font-family:\"Roboto\", Sans-serif !important;}<\/style><p class=\"stk-block-text__text\">Lancement de <strong>l&rsquo;accompagnement en orientation<\/strong><\/p><\/div>\n<\/div><\/div><\/div>\n<\/div><\/div><\/div>\n\n\n\n<div class=\"wp-block-stackable-timeline stk-block-timeline stk-block-timeline--left stk-block stk-7fecd7c stk-block-background\" data-block-id=\"7fecd7c\"><style>.stk-7fecd7c {--gap:20px !important;--line-dot-size:21px !important;--line-bg-width:3px !important;--content-line:100px !important;--line-accent-bg-color:var(--theme-palette-color-2, #6869E0) !important;--line-bg-color:var(--theme-palette-color-2, #6869E0) !important;background-color:var(--theme-palette-color-6, #FFF5DC) !important;box-shadow:0 5px 5px 0 #123f5209 !important;border-style:solid !important;border-color:var(--theme-palette-color-5, #F6BE00) !important;border-top-width:0px !important;border-right-width:0px !important;border-bottom-width:0px !important;border-left-width:0px !important;padding-top:18px !important;padding-right:18px !important;padding-bottom:18px !important;padding-left:18px !important;}.stk-7fecd7c:before{background-color:var(--theme-palette-color-6, #FFF5DC) !important;}.stk-7fecd7c .stk-block-timeline__date{text-shadow:6px 6px 4px #78787833 !important;font-size:20px !important;color:var(--theme-palette-color-1, #2B3056) !important;font-weight:700 !important;font-family:\"Roboto\", Sans-serif !important;}@media screen and (max-width:999px){.stk-7fecd7c .stk-block-timeline__date{font-size:20px !important;}}@media screen and (max-width:689px){.stk-7fecd7c .stk-inner-blocks:after{top:34px !important;}.stk-7fecd7c .stk-block-timeline__middle{margin-top:18px !important;}}<\/style><div class=\"stk-row stk-inner-blocks stk-block-content stk-content-align stk-7fecd7c-column\"><div class=\"has-text-color stk-block-timeline__date\">D\u00e9but 2020<\/div><div class=\"stk-block-timeline__middle\"><\/div><div class=\"stk-block-timeline__content\">\n<div class=\"wp-block-stackable-column stk-block-column stk-column stk-block stk-a66147b\" data-v=\"4\" data-block-id=\"a66147b\"><style>.stk-a66147b-container{margin-top:0px !important;margin-right:0px !important;margin-bottom:0px !important;margin-left:0px !important;}<\/style><div class=\"stk-column-wrapper stk-block-column__content stk-container stk-a66147b-container stk--no-background stk--no-padding\"><div class=\"stk-block-content stk-inner-blocks stk-a66147b-inner-blocks\">\n<div class=\"wp-block-stackable-text stk-block-text stk-block stk-dc8a6e2\" data-block-id=\"dc8a6e2\"><style>.stk-dc8a6e2 {column-count:1 !important;}.stk-dc8a6e2 .stk-block-text__text{font-weight:300 !important;font-family:\"Roboto\", Sans-serif !important;}<\/style><p class=\"stk-block-text__text has-text-align-right\">Lancement des programmes de <strong>coaching<\/strong><\/p><\/div>\n<\/div><\/div><\/div>\n<\/div><\/div><\/div>\n\n\n\n<div class=\"wp-block-stackable-timeline stk-block-timeline stk-block-timeline--right stk-block stk-a762a33 stk-block-background\" data-block-id=\"a762a33\"><style>.stk-a762a33 {--gap:20px !important;--line-dot-size:21px !important;--line-bg-width:3px !important;--content-line:100px !important;--line-accent-bg-color:var(--theme-palette-color-2, #6869E0) !important;--line-bg-color:var(--theme-palette-color-2, #6869E0) !important;background-color:var(--theme-palette-color-6, #FFF5DC) !important;box-shadow:0 5px 5px 0 #123f5209 !important;border-style:solid !important;border-color:var(--theme-palette-color-5, #F6BE00) !important;border-top-width:0px !important;border-right-width:0px !important;border-bottom-width:0px !important;border-left-width:0px !important;padding-top:18px !important;padding-right:18px !important;padding-bottom:18px !important;padding-left:18px !important;}.stk-a762a33:before{background-color:var(--theme-palette-color-6, #FFF5DC) !important;}.stk-a762a33 .stk-block-timeline__date{text-shadow:6px 6px 4px #78787833 !important;font-size:20px !important;color:var(--theme-palette-color-1, #2B3056) !important;font-weight:700 !important;font-family:\"Roboto\", Sans-serif !important;}@media screen and (max-width:999px){.stk-a762a33 .stk-block-timeline__date{font-size:20px !important;}}@media screen and (max-width:689px){.stk-a762a33 .stk-inner-blocks:after{top:34px !important;}.stk-a762a33 .stk-block-timeline__middle{margin-top:18px !important;}}<\/style><div class=\"stk-row stk-inner-blocks stk-block-content stk-content-align stk-a762a33-column\"><div class=\"has-text-color stk-block-timeline__date\">Fin 2020<\/div><div class=\"stk-block-timeline__middle\"><\/div><div class=\"stk-block-timeline__content\">\n<div class=\"wp-block-stackable-column stk-block-column stk-column stk-block stk-5a5686d\" data-v=\"4\" data-block-id=\"5a5686d\"><style>.stk-5a5686d-container{margin-top:0px !important;margin-right:0px !important;margin-bottom:0px !important;margin-left:0px !important;}<\/style><div class=\"stk-column-wrapper stk-block-column__content stk-container stk-5a5686d-container stk--no-background stk--no-padding\"><div class=\"stk-block-content stk-inner-blocks stk-5a5686d-inner-blocks\">\n<div class=\"wp-block-stackable-text stk-block-text stk-block stk-e717fe6\" data-block-id=\"e717fe6\"><style>.stk-e717fe6 {column-count:1 !important;}.stk-e717fe6 .stk-block-text__text{font-weight:300 !important;font-family:\"Roboto\", Sans-serif !important;}<\/style><p class=\"stk-block-text__text\">1\u00e8re session du programme <strong>Han&rsquo;route vers mon avenir<\/strong><\/p><\/div>\n<\/div><\/div><\/div>\n<\/div><\/div><\/div>\n\n\n\n<div class=\"wp-block-stackable-timeline stk-block-timeline stk-block-timeline--left stk-block stk-863be09 stk-block-background\" data-block-id=\"863be09\"><style>.stk-863be09 {--gap:20px !important;--line-dot-size:21px !important;--line-bg-width:3px !important;--content-line:100px !important;--line-accent-bg-color:var(--theme-palette-color-2, #6869E0) !important;--line-bg-color:var(--theme-palette-color-2, #6869E0) !important;background-color:var(--theme-palette-color-6, #FFF5DC) !important;box-shadow:0 5px 5px 0 #123f5209 !important;border-style:solid !important;border-color:var(--theme-palette-color-5, #F6BE00) !important;border-top-width:0px !important;border-right-width:0px !important;border-bottom-width:0px !important;border-left-width:0px !important;padding-top:18px !important;padding-right:18px !important;padding-bottom:18px !important;padding-left:18px !important;}.stk-863be09:before{background-color:var(--theme-palette-color-6, #FFF5DC) !important;}.stk-863be09 .stk-block-timeline__date{text-shadow:6px 6px 4px #78787833 !important;font-size:20px !important;color:var(--theme-palette-color-1, #2B3056) !important;font-weight:700 !important;font-family:\"Roboto\", Sans-serif !important;}@media screen and (max-width:999px){.stk-863be09 .stk-block-timeline__date{font-size:20px !important;}}@media screen and (max-width:689px){.stk-863be09 .stk-inner-blocks:after{top:34px !important;}.stk-863be09 .stk-block-timeline__middle{margin-top:18px !important;}}<\/style><div class=\"stk-row stk-inner-blocks stk-block-content stk-content-align stk-863be09-column\"><div class=\"has-text-color stk-block-timeline__date\">2022<\/div><div class=\"stk-block-timeline__middle\"><\/div><div class=\"stk-block-timeline__content\">\n<div class=\"wp-block-stackable-column stk-block-column stk-column stk-block stk-10a671f\" data-v=\"4\" data-block-id=\"10a671f\"><style>.stk-10a671f-container{margin-top:0px !important;margin-right:0px !important;margin-bottom:0px !important;margin-left:0px !important;}<\/style><div class=\"stk-column-wrapper stk-block-column__content stk-container stk-10a671f-container stk--no-background stk--no-padding\"><div class=\"stk-block-content stk-inner-blocks stk-10a671f-inner-blocks\">\n<div class=\"wp-block-stackable-text stk-block-text stk-block stk-17cb09e\" data-block-id=\"17cb09e\"><style>.stk-17cb09e {column-count:1 !important;}.stk-17cb09e .stk-block-text__text{font-weight:300 !important;font-family:\"Roboto\", Sans-serif !important;}<\/style><p class=\"stk-block-text__text has-text-align-right\">Lancement des programmes de <strong>mentorat<\/strong><\/p><\/div>\n<\/div><\/div><\/div>\n<\/div><\/div><\/div>\n\n\n\n<div class=\"wp-block-stackable-timeline stk-block-timeline stk-block-timeline--right stk-is-last stk-block stk-faf1db8 stk-block-background\" data-block-id=\"faf1db8\"><style>.stk-faf1db8 {--gap:20px !important;--line-dot-size:21px !important;--line-bg-width:3px !important;--content-line:100px !important;--line-accent-bg-color:var(--theme-palette-color-2, #6869E0) !important;--line-bg-color:var(--theme-palette-color-2, #6869E0) !important;background-color:var(--theme-palette-color-6, #FFF5DC) !important;box-shadow:0 5px 5px 0 #123f5209 !important;border-style:solid !important;border-color:var(--theme-palette-color-5, #F6BE00) !important;border-top-width:0px !important;border-right-width:0px !important;border-bottom-width:0px !important;border-left-width:0px !important;padding-top:18px !important;padding-right:18px !important;padding-bottom:18px !important;padding-left:18px !important;}.stk-faf1db8:before{background-color:var(--theme-palette-color-6, #FFF5DC) !important;}.stk-faf1db8 .stk-block-timeline__date{text-shadow:6px 6px 4px #78787833 !important;font-size:20px !important;color:var(--theme-palette-color-1, #2B3056) !important;font-weight:700 !important;font-family:\"Roboto\", Sans-serif !important;}@media screen and (max-width:999px){.stk-faf1db8 .stk-block-timeline__date{font-size:20px !important;}}@media screen and (max-width:689px){.stk-faf1db8 .stk-inner-blocks:after{top:34px !important;bottom:calc(18px + (100% - 36px) - 16px) !important;}.stk-faf1db8 .stk-block-timeline__middle{margin-top:18px !important;}}<\/style><div class=\"stk-row stk-inner-blocks stk-block-content stk-content-align stk-faf1db8-column\"><div class=\"has-text-color stk-block-timeline__date\">Aujourd&rsquo;hui<\/div><div class=\"stk-block-timeline__middle\"><\/div><div class=\"stk-block-timeline__content\">\n<div class=\"wp-block-stackable-column stk-block-column stk-column stk-block stk-0ec500c\" data-v=\"4\" data-block-id=\"0ec500c\"><style>.stk-0ec500c-container{margin-top:0px !important;margin-right:0px !important;margin-bottom:0px !important;margin-left:0px !important;}<\/style><div class=\"stk-column-wrapper stk-block-column__content stk-container stk-0ec500c-container stk--no-background stk--no-padding\"><div class=\"stk-block-content stk-inner-blocks stk-0ec500c-inner-blocks\">\n<div class=\"wp-block-stackable-text stk-block-text stk-block stk-92f7821\" data-block-id=\"92f7821\"><style>.stk-92f7821 {column-count:1 !important;}.stk-92f7821 .stk-block-text__text{font-weight:300 !important;font-family:\"Roboto\", Sans-serif !important;}<\/style><p class=\"stk-block-text__text\">L&rsquo;association <strong>accompagne plus de 1000 jeunes<\/strong> et s&rsquo;appuie sur un r\u00e9seau de plus de 100 partenaires publics et priv\u00e9s.<\/p><\/div>\n<\/div><\/div><\/div>\n<\/div><\/div><\/div>\n<\/div>\n\n\n\n<p data-block-type=\"core\"><\/p>\n","protected":false},"excerpt":{"rendered":"<p>\u00ab\u00a0TREMPLIN Handicap est une association d&rsquo;int\u00e9r\u00eat g\u00e9n\u00e9ral \u00e0 but non lucratif s&rsquo;appuyant sur un r\u00e9seau de plus de 100 employeurs publics et priv\u00e9s cr\u00e9\u00e9e en 1992 et membre du collectif [&hellip;]<\/p>\n","protected":false},"author":1,"featured_media":0,"parent":0,"menu_order":0,"comment_status":"closed","ping_status":"closed","template":"","meta":{"_uag_custom_page_level_css":"","_EventAllDay":false,"_EventTimezone":"","_EventStartDate":"","_EventEndDate":"","_EventStartDateUTC":"","_EventEndDateUTC":"","_EventShowMap":false,"_EventShowMapLink":false,"_EventURL":"","_EventCost":"","_EventCostDescription":"","_EventCurrencySymbol":"","_EventCurrencyCode":"","_EventCurrencyPosition":"","_EventDateTimeSeparator":"","_EventTimeRangeSeparator":"","_EventOrganizerID":[],"_EventVenueID":[],"_OrganizerEmail":"","_OrganizerPhone":"","_OrganizerWebsite":"","_VenueAddress":"","_VenueCity":"","_VenueCountry":"","_VenueProvince":"","_VenueState":"","_VenueZip":"","_VenuePhone":"","_VenueURL":"","_VenueStateProvince":"","_VenueLat":"","_VenueLng":"","_VenueShowMap":false,"_VenueShowMapLink":false,"footnotes":""},"class_list":["post-803","page","type-page","status-publish","hentry"],"blocksy_meta":[],"uagb_featured_image_src":{"full":false,"thumbnail":false,"medium":false,"medium_large":false,"large":false,"1536x1536":false,"2048x2048":false},"uagb_author_info":{"display_name":"ValentineWs","author_link":"https:\/\/www.test.tremplin-handicap.fr\/index.php\/author\/admin3776\/"},"uagb_comment_info":0,"uagb_excerpt":"\u00ab\u00a0TREMPLIN Handicap est une association d&rsquo;int\u00e9r\u00eat g\u00e9n\u00e9ral \u00e0 but non lucratif s&rsquo;appuyant sur un r\u00e9seau de plus de 100 employeurs publics et priv\u00e9s cr\u00e9\u00e9e en 1992 et membre du collectif [&hellip;]","_links":{"self":[{"href":"https:\/\/www.test.tremplin-handicap.fr\/index.php\/wp-json\/wp\/v2\/pages\/803","targetHints":{"allow":["GET"]}}],"collection":[{"href":"https:\/\/www.test.tremplin-handicap.fr\/index.php\/wp-json\/wp\/v2\/pages"}],"about":[{"href":"https:\/\/www.test.tremplin-handicap.fr\/index.php\/wp-json\/wp\/v2\/types\/page"}],"author":[{"embeddable":true,"href":"https:\/\/www.test.tremplin-handicap.fr\/index.php\/wp-json\/wp\/v2\/users\/1"}],"replies":[{"embeddable":true,"href":"https:\/\/www.test.tremplin-handicap.fr\/index.php\/wp-json\/wp\/v2\/comments?post=803"}],"version-history":[{"count":12,"href":"https:\/\/www.test.tremplin-handicap.fr\/index.php\/wp-json\/wp\/v2\/pages\/803\/revisions"}],"predecessor-version":[{"id":2008,"href":"https:\/\/www.test.tremplin-handicap.fr\/index.php\/wp-json\/wp\/v2\/pages\/803\/revisions\/2008"}],"wp:attachment":[{"href":"https:\/\/www.test.tremplin-handicap.fr\/index.php\/wp-json\/wp\/v2\/media?parent=803"}],"curies":[{"name":"wp","href":"https:\/\/api.w.org\/{rel}","templated":true}]}}